30*k + 31. What is the units digit of 3/(-3)*29/k?
9
Let i = 124 + -122. What is the units digit of (i + 10 - 7)*132?
0
Let z(r) = -r**3 + 70*r**2 + 12*r - 816. What is the thousands digit of z(66)?
7
Suppose -5*h - 3*h = -16. Let z(w) = -h*w + 12 + 2*w + w. What is the units digit of z(-11)?
1
Let m(w) = -4*w**3 + 5*w**2 + 27*w + 24. What is the units digit of m(-8)?
6
What is the ten thousands digit of 4/3*48609732/3824?
1
Suppose -2*z - 3*z + 126 = 4*l, 2*l - 102 = -4*z. Suppose 0 = -z*u + 4595 + 3101. What is the hundreds digit of u?
2
Suppose 11*a + 1408 - 5742 = 0. Suppose 0 = -0*f - 8*f + 9392. Suppose 5*m + a = f. What is the units digit of m?
6
Let l(i) = 2*i + 8. Let o = -41 - -47. Let z be l(o). What is the tens digit of ((-33)/(-15))/(4/z)?
1
Suppose -3*y + 4*y = 4. Let q be (26/5)/((-4)/(-140)). Suppose 4*m - y = 0, 3*g - 52 = 3*m + q. What is the tens digit of g?
7
Let w(b) = 3 - 184*b + 0 + 11. What is the hundreds digit of w(-2)?
3
Suppose -32 = -3*y - 23. Let a(r) = 0*r**y + 12*r**2 + r**3 - 50*r + 39*r + 27. What is the units digit of a(-12)?
9
Suppose 8456 = 9*n - 5*n - 3*n. What is the units digit of n?
6
Suppose 0 = 12*b - 368 - 2440. What is the hundreds digit of b?
2
Let y be (-2 - 0 - 0) + 39. Suppose -3*i - y = -5*r, -10 - 10 = -2*r - 4*i. Let f = r - 2. What is the units digit of f?
6
Let y(r) = r**3 - 7*r**2 + r + 40. Let n be y(6). Suppose -w = 2*b - 230, 5*w - 5*b + n*b - 1130 = 0. What is the units digit of w?
2
Suppose -j - 2038080 = -81*j. What is the tens digit of j?
7
Let j be (-3 + 6 - 4) + -2 + 12. Suppose 3*l - 5*l - 4*f = 12, -4*l - j = 5*f. Suppose -7 = -l*g + a, 0 = -3*g - g - a + 17. What is the units digit of g?
3
Suppose 0 = 8*f - 7*f - 3. Suppose -f*g = -3*p + 309, -2*g + 47 = 4*p + 229. Let m = g - -143. What is the units digit of m?
4
Suppose 4*o = 5*m - 51, -o + 3*m - m - 12 = 0. Let l be (3 + o/4)/(3/(-996)). Let x = -71 + l. What is the tens digit of x?
9
Let p = -16119 - -49731. What is the tens digit of p?
1
Suppose -5*g = y - 20, -3*g + y = 2*g - 10. Suppose -6*p + 3*p - 3*r = -261, -g*p - r = -255. What is the tens digit of p?
8
Let x be -4 + 10 + -1 + -3 + 141. Suppose 0 = 2*u + g - x, 0*u - 2*g = -3*u + 225. Let o = u - -72. What is the units digit of o?
5
Let t(l) = 73*l + 14. Let r be t(4). Suppose -2*k = 2*d - r - 272, -k + 269 = -3*d. What is the hundreds digit of k?
2
Suppose 7*i = 3*i + 1476. Suppose i = 5*b + 39. Suppose b = m + 15. What is the units digit of m?
1
Let o(w) = w**3 + 8*w**2 + 2. Let q be o(-8). Let r(j) = -9*j + 26. Let c be r(12). What is the units digit of q - c - (1 + -4)?
7
Suppose -50*r + 171735 = -152165. What is the units digit of r?
8
Suppose -4*q = 3*d + 737 + 559, -d = -5*q - 1620. Let x = 136 + q. What is the units digit of (-6)/9 + x/(-3)?
2
Suppose u - 1566 = 16*s - 13*s, -2*u - 5*s = -3176. Suppose -3*r + v + u = 0, 2*r - 913 = 2*v + 143. What is the hundreds digit of r?
5
Let s = -11 - -15. Let k(z) = -2*z + 10. Let m be k(s). Suppose 42 = -m*q + 4*q. What is the tens digit of q?
2
Let r(n) = -n**3 - 4*n**2 - n - 228. What is the hundreds digit of r(-19)?
2
Let o be -25*(357/(-45))/(-7)*12. Let n = -134 - o. What is the tens digit of n?
0
Let c be -33*4/(-24)*2. Let x = -6 + c. Let m(b) = b**2 + 5*b + 10. What is the tens digit of m(x)?
6
Suppose -833 = -p - 3*g + 3778, -3*p = 5*g - 13817. What is the units digit of 20/30*p/6?
1
Let z(j) = 13*j**3 + 7*j**2 + 2*j - 1. Let v be z(1). Suppose 3*m + 2*m = -15. What is the units digit of ((-300)/v)/((-23)/7 - m)?
0
Suppose 0 = y - 2, -5*n = 5*y + 58 + 32. What is the tens digit of (-8)/n + 15606/10?
6
Let i = -1021 - -2064. Suppose 5*u - 2633 = 4*v, -2*u = -v - 4*v - i. What is the tens digit of u?
2
Suppose -10174 = b - 25910 - 15839. What is the thousands digit of b?
1
Suppose 2*n + 542 = -5*i, 4*n + 443 = -5*i - 641. Let z = -1444 + 1845. Let j = z + n. What is the hundreds digit of j?
1
Suppose 7*t + 27*t = 0. Suppose t = 3*d + 4*h - 1248, -535 + 1783 = 3*d + h. What is the units digit of d?
6
Let c be (2 + (-332)/(-4))*19. Suppose -1292 = -4*g - 3*n, 8*g + 2*n = 3*g + c. What is the tens digit of g?
2
What is the hundreds digit of (19440 + -1)*(-33 - (-7409)/217)?
2
Let u(p) = -2*p**2 + 20*p - 17. Let o be u(8). Suppose -3*h - 5*s = 687, -o*h - 4*s = -11*h + 916. Let r = 451 + h. What is the hundreds digit of r?
2
Suppose -2042527 = 71*u - 3937465 - 3881338. What is the tens digit of u?
5
Let c = -210 + 111. Let j = c - -239. What is the units digit of j?
0
Suppose 0 = -2*v + 9*v - 35. Suppose 0*p + 5*p = -v*u + 145, -4*p + 110 = -2*u. What is the units digit of 87/((4/(-14))/((-8)/p))?
7
Let f(g) = -g**3 - 17*g**2 - 14*g + 26. Let r be f(-16). What is the units digit of -5*(12/r - 72)?
0
What is the thousands digit of 8194 + (96/72)/((-4)/6)?
8
Suppose -u = -3, 4*v - 3*u - 2*u + 11 = 0. Let b be (-10)/(-4)*(1 + v). Suppose -553 = -5*x - d, -b*d = -2*x - 2*x + 425. What is the tens digit of x?
1
Let n = 10962 + -10996. Let m(t) = -85*t**2 - 1. Let g be m(1). Let v = n - g. What is the units digit of v?
2
Let q = -95 + 124. Suppose 41 - q = 3*l. Suppose -283 = -2*k - 0*k - a, -l*a - 288 = -2*k. What is the units digit of k?
2
Suppose 15*d - 26*d = -110. Let u(w) = 7*w - 3 + 9*w**2 + d*w - 24*w. What is the units digit of u(-3)?
9
Let z(r) = -2*r**3 - 22*r**2 + 16*r + 7. What is the thousands digit of z(-19)?
5
Let d(t) = 42*t**2 + 5*t + 37. What is the thousands digit of d(14)?
8
Let o be ((-32)/4)/(1/(-16)). Let z = o + 825. What is the tens digit of z?
5
Let q(k) = k**2 + 125*k - 7536. What is the ten thousands digit of q(95)?
1
Let c = -259 - -217. What is the hundreds digit of 1/(-2)*21/(c/1124)?
2
Let g = 940 - 431. Let q = g - 1181. What is the units digit of (90/(-8))/(63/q)?
0
Suppose -3*a = -3404 - 751. Let w = a - 878. Suppose 7*y - 991 = w. What is the units digit of y?
4
Let l(g) = -g + 51. Let z be l(13). Let o = z + 757. What is the units digit of o?
5
Let d be ((-10)/(-6))/(2/(-30)*-5). Suppose -7*z + 2436 = d*z. What is the hundreds digit of z?
2
Let y(a) = 6*a - 22. Let h be y(4). Let d be (-410)/(-4) - (9/h - 4). Let k = -91 + d. What is the units digit of k?
1
Suppose -2*r - 9405 = -3*g + r, -5*g + 3*r = -15671. Let y = g + -1441. What is the units digit of y?
2
Let t(z) = -945*z + 12. Let n be t(-1). Suppose 4*q - n = -5*r + 8*q, -5*r + 955 = -5*q. What is the units digit of r?
3
Let s be -1*(0 - 1 - -3). Suppose -134 - 196 = -30*m. Let u = m + s. What is the units digit of u?
9
Let g be (4/(-10))/(14/(-70)). Suppose -g*r - 2*r - 5*w + 1203 = 0, -r - 4*w = -309. What is the hundreds digit of r?
2
Suppose -698*s - 156168 + 4809069 = -599*s. What is the hundreds digit of s?
9
Suppose 16 = -4*g, -71*d + 5*g + 38410 = -66*d. What is the tens digit of d?
7
What is the tens digit of 1 - -158 - (15 - 13)?
5
Let f = -451 + 289. Let a = 592 - 322. Let v = f + a. What is the tens digit of v?
0
Let d(v) = -6*v + 2 - 3*v - v**2 + 24*v + 2*v. Let b be d(17). Suppose -28 = -b*j + 16. What is the tens digit of j?
2
Let y(v) = -136*v - 15. Let a be y(-8). Suppose -4*n - 774 = -3*f, 5*n - a = -5*f + 217. Suppose -8*k - f = -1234. What is the tens digit of k?
2
Let m(j) = 812*j - 3113. What is the tens digit of m(45)?
2
Let l = -101 + 163. Let r(v) = v**2 - 33*v + 42. Let u be r(31). Let g = u + l. What is the units digit of g?
2
Suppose 4*b + r - 28 = 0, -10 = -0*b - 5*b + 5*r. Suppose -1834 + 94 = -b*o. What is the units digit of o?
0
Suppose -12*q + 10*q = -6. Let y(u) = 0*u**q - 5*u**3 - u**2 + 22 + 6*u**3 + 6*u**2. What is the units digit of y(-5)?
2
Suppose -614*d = -47*d - 79*d - 18819720. What is the tens digit of d?
6
Let a(v) = 44*v + 1146. What is the tens digit of a(-17)?
9
Let m be 4 - (59*-46 - 3/(-1)). Suppose 3*d + m = 6*d. What is the units digit of d?
5
Let m(s) = 228*s**2 - 4*s - 2. Let f be ((-6)/4)/((198/48)/(-11)). Let o be (((-16)/f)/4)/1. What is the tens digit of m(o)?
3
Let g(j) = 2*j**3 + 22*j**2 + 21*j + 8. Let y(m) = m + 1. Let b(r) = g(r) - 5*y(r). What is the units digit of b(-10)?
3
Suppose -5*i + 38 = -i + 2*l, -4*i = -3*l - 23. Let a be 3 + 0 + -5 - (45 + -62). Suppose 4*m + i = 4*q - 4, -q + a = 5*m. What is the units digit of m?
2
Let j be 13/(156/(-24))*9/(-2).